and z.
9
Let z = 23 + -9. Calculate the highest common divisor of z and 21.
7
Suppose 0*x = 5*x - 20. Suppose -2*u + x*u - 48 = 0. Calculate the greatest common factor of 8 and u.
8
Suppose 0 = 11*a - 9*a - 6. Calculate the highest common factor of 6 and a.
3
Suppose -4*k + 0*k + 620 = -5*g, 0 = -5*k + 3*g + 788. Calculate the highest common factor of k and 20.
20
Let k(n) = 30*n**2 + 12*n - 16*n**2 - 15*n**2. Let i be k(11). Calculate the highest common divisor of i and 11.
11
Let i = -44 + 57. Calculate the greatest common factor of 78 and i.
13
Let p be 7/(21/(-27))*(-2)/3. Calculate the greatest common factor of p and 6.
6
Let k(b) = b**2 - 12*b + 2. Let y be k(14). Calculate the highest common factor of 105 and y.
15
Suppose -4*m + 1 = 5. Let t be (6/(-15))/(m/20). Let c = 113 - 57. Calculate the highest common factor of c and t.
8
Suppose -k + 2*x + 0 = -1, 2*x = -k + 1. Let l(w) = 2*w**2 + 1 - 3*w - w**2 - 2*w**2. Let j be l(-3). What is the greatest common factor of j and k?
1
Suppose -5*g + 72 = 2. What is the greatest common factor of g and 28?
14
Let l(y) = -y + 16. Suppose 58 - 3 = 5*o. Let b be l(o). Calculate the greatest common factor of 10 and b.
5
Suppose 0 = j + 3, -2*t + 3*j + 50 - 19 = 0. Suppose -6*p + t*p = 55. Let n = 222 + -123. What is the greatest common factor of p and n?
11
Suppose 5*i = -4*f + 9, 4*i + f - 6 = -f. Calculate the greatest common divisor of i and 11.
1
Let b(p) = 7*p**2 - p + 2. Let c be b(1). Let z be (-1)/((-2)/(4/2)). What is the highest common divisor of c and z?
1
Suppose 3*q = 6, -4*q - 49 = -5*j - 7. Calculate the greatest common factor of 15 and j.
5
Let q(l) = 2*l - 1. Let t be q(1). Let a be (23 - t) + (0 - 2). Calculate the greatest common factor of 4 and a.
4
Suppose -28 = -3*l + m, 14 = -2*l + l + 5*m. What is the highest common factor of l and 44?
11
Let n = 2 + -1. Let z be 27 - n - 7/7. What is the greatest common divisor of 5 and z?
5
Suppose -2*u - u = 5*m + 222, -4*m + 74 = -u. Let t be u/(-4) - 1/2. Suppose -s = s - t. Calculate the highest common divisor of 27 and s.
9
Suppose -2*d + 3*d - 1 = 0. Let c be (-1)/d - (0 - 8). Suppose 2*z - 61 = 51. Calculate the greatest common factor of z and c.
7
Let q(v) = v + 90. Let i(p) = -p**2 + 7*p + 8. Let u be i(8). Let h be q(u). Let b(l) = l**2 + 10. Let s be b(0). What is the highest common divisor of h and s?
10
Let s be (0 + 36)*(-40)/(-6). Suppose s = 2*m + 2*m. Suppose 4*l = -3*h + 120, -2*h - 12 = 5*l - 92. What is the greatest common factor of m and h?
20
Let i be -1*(-4 + 7) - -9. Calculate the highest common factor of i and 54.
6
Let s = -94 + 139. Let r(h) = -10*h - 14. Let b be r(-5). Suppose -14*g + 12*g = -b. What is the greatest common divisor of s and g?
9
Suppose -4*y + 6*y - 82 = -m, 0 = 4*m - 4*y - 376. Let f be (-1)/(-1)*10 - 0. What is the highest common divisor of f and m?
10
Suppose -22 = -5*l - c, -2 = l + 3*c + 2. Calculate the greatest common factor of 25 and l.
5
Let b be 888/30 + 2/5. What is the greatest common divisor of b and 3?
3
Let i = -39 - -55. Calculate the greatest common factor of 16 and i.
16
Let u(z) = 2*z**3 + z**2 - 4*z + 4. Let t be u(4). Suppose -5*m - 5*i = -70, -2*m + 16 = -i - 6. Calculate the greatest common divisor of t and m.
12
Let y be (-9)/(81/84)*135/(-6). Calculate the greatest common divisor of 21 and y.
21
Let k be (-53)/(-11) - 2/(-11). Suppose -44 = -k*y + 4*u, -y + 4*y = 4*u + 20. Suppose -2*t = 2*t - 384. What is the greatest common divisor of y and t?
12
Suppose -10 - 2 = -4*z. Let h be -2 - (-4 + 0 + 1). Calculate the highest common divisor of h and z.
1
Let y be 1/4 + 2301/12. Suppose 7*x = 3*x + y. Suppose -k + x = 3*k. What is the greatest common divisor of 84 and k?
12
Let z = -30 + 94. Suppose c + z = 2*w - 121, 0 = -4*w - 2*c + 358. What is the greatest common divisor of 13 and w?
13
Suppose 0*x - 2*g = -x + 15, 25 = -5*g. Let v be (24/15)/(1/x). What is the highest common divisor of v and 64?
8
Suppose -5*j + 139 = -71. Calculate the greatest common factor of 14 and j.
14
Suppose q = -0*g + 2*g + 67, -5*q - g = -313. Let n(b) = -b. Let t be n(-9). Calculate the greatest common divisor of t and q.
9
Let r = 1 + 8. What is the highest common divisor of r and 81?
9
Suppose 24 = 3*f + 4*b - b, -3*f - 4*b = -24. Let h(w) = -20*w**3 - w**2. Let d be h(-1). Let l = 39 - d. Calculate the greatest common factor of l and f.
4
Let v = -113 + 130. What is the highest common divisor of 17 and v?
17
Suppose 0 = -0*b - 2*b + 38. Suppose 0 = -2*v - v + 1779. Suppose -4*s + 91 + v = 0. What is the highest common divisor of s and b?
19
Let w(p) = p**3 - 10*p**2 + 8*p - 10. Let g be w(10). Suppose -5*i - 85 = -3*c - 2*c, -c + 4*i = -26. Calculate the highest common factor of c and g.
14
Let q(z) = -16*z + 3. Let l be q(-6). Suppose 0 = g + 10 - 0. Let h be (0 + 2)/(g/(-45)). What is the greatest common factor of l and h?
9
Let j(i) = i**3 - 8*i**2 + 2*i - 11. Let n be j(8). Suppose 2*t - 6 = 5*t, -884 = -n*s + 2*t. What is the greatest common divisor of 16 and s?
16
Let i = 84 - 28. Calculate the greatest common divisor of 7 and i.
7
Suppose -3*y - 1 = 4*c, 0 = -5*c + y - 4 + 17. Suppose 3*l = 6, 3*d - c*l + 94 = 5*d. What is the highest common factor of d and 5?
5
Suppose 4*g - 3*g = -13. Let l = g - -160. Calculate the highest common factor of l and 21.
21
Let v be (-6)/21 + 38/(-14). Let s be ((-468)/20)/(v/15). Calculate the greatest common factor of s and 13.
13
Let j be 2/(-6 + 16) - (-138)/10. What is the highest common factor of 7 and j?
7
Suppose 4*s - s + j = -33, 4*s + 5*j = -55. Let l be (-4)/(-3)*(-165)/s. Suppose -48 + 4 = -4*w. Calculate the highest common divisor of l and w.
11
Suppose 0 = b - m - 3, b + 2*m = -m - 1. Let z be -1*15/b*-2. What is the highest common factor of z and 6?
3
Suppose -2*n = y + 6 - 2, -4*y - 4 = 2*n. Suppose y*r = -2*r + 66. Let c be 2/4 + (-10)/(-4). What is the highest common factor of r and c?
3
Suppose 0 = -5*v + v + 192. Let b(q) = q**2 + 6*q - 1. Let k be b(-7). Let s = 0 + k. Calculate the greatest common factor of v and s.
6
Suppose 4*l - 36 - 28 = -4*a, -3*a + 23 = -2*l. Let q(t) = -t**3 + 7*t**2 - 5*t - 6. Let u be q(4). What is the highest common factor of u and a?
11
Suppose 0 = 4*m + 3*p - 138, m + 5*p = -0*m + 26. Let w(r) = -r**3 + 5*r**2 + 4*r - 11. Let q be w(5). Calculate the greatest common factor of m and q.
9
Suppose 4*d = -20, d = -3*o + 8 + 1148. Suppose 0*l + 2*l + 2*x - 142 = 0, -3*x = -5*l + o. Calculate the highest common divisor of l and 30.
15
Let k be 0*(1 - 2/1). Suppose 3*f + 2*f - 105 = k. Let a = 2 + 5. Calculate the greatest common divisor of f and a.
7
Suppose -2*n = -6*n + 96. Suppose f - n = -0*f. Suppose -2*x + 2 = 2*v, -3*v + 2*x = -0*v - 13. What is the highest common divisor of v and f?
3
Suppose 5*u = 15 + 65. What is the highest common divisor of u and 24?
8
Let h = 34 + 2. Suppose 5*l + o - 2 - 79 = 0, 0 = 2*l + 4*o - h. Let p be (-48)/(-10)*(-10)/(-3). Calculate the highest common divisor of l and p.
16
Suppose -5*r = 3*f - 66, 0*r + 2*f = -5*r + 69. Calculate the greatest common factor of r and 10.
5
Let q = -25 + 12. Let i = 27 + q. Let u(h) = 71*h**3 - h**2. Let x be u(1). Calculate the highest common factor of x and i.
14
Let x(a) = 2*a + 4. Let f be x(5). Suppose 0 = 2*n - 4*o, -3*o = -3*n - 2*n - f. Let d be (-2)/4 - 6/n. What is the greatest common divisor of d and 5?
1
Let u = 378 - 270. What is the highest common factor of 72 and u?
36
Let a(r) = -r + 4. Let h be a(-9). Suppose h*q = 15*q - 168. What is the greatest common divisor of 12 and q?
12
Let o = -12 - -22. What is the greatest common factor of o and 5?
5
Suppose 44*f = 52*f - 24. What is the highest common factor of f and 15?
3
Let f be ((-4)/12)/((-3)/27). Let s = 43 - 16. What is the highest common factor of f and s?
3
Suppose 3*k - 8 = 10. Let n = -1 + k. Let v(b) = -b**3 + 4*b**2 - 4*b + 4. Let u be v(3). Calculate the greatest common divisor of n and u.
1
Let u = 107 - 69. Calculate the greatest common factor of u and 76.
38
Let n(k) = -316*k - 1. Let u be n(-1). Calculate the highest common factor of u and 35.
35
Suppose -5*w - 2*h = -3, 0*w + 3*w = -5*h + 17. Let x = w - -8. Calculate the highest common divisor of 7 and x